{"id":25,"date":"2023-03-14T20:54:08","date_gmt":"2023-03-14T20:54:08","guid":{"rendered":"http:\/\/www.wiolettaborkowska.pl\/?page_id=25"},"modified":"2023-03-14T20:57:57","modified_gmt":"2023-03-14T20:57:57","slug":"o-mnie","status":"publish","type":"page","link":"http:\/\/www.wiolettaborkowska.pl\/?page_id=25","title":{"rendered":"O mnie"},"content":{"rendered":"\n<p class=\"has-text-align-left\">Witam. Nazywam si\u0119 Wioletta Borkowska. Jestem psychologiem, psychoterapeut\u0105 i certyfikowanym terapeut\u0105 uzale\u017cnie\u0144. Uko\u0144czy\u0142am psychologi\u0119 na Katolickim Uniwersytecie Lubelskim. W 2005 roku zda\u0142am egzamin certyfikacyjny specjalisty terapii uzale\u017cnie\u0144. Pracowa\u0142am nad swoim warsztatem terapeutycznym w ramach szko\u0142y psychoterapii INTRA w Warszawie (szko\u0142y rekomendowanej przez Polskie Towarzystwo Psychologiczne). Obecnie jestem w trakcie procesu certyfikacyjnego psychoterapeuty. Do\u015bwiadczenie zawodowe zdobywa\u0142am w Poradni Leczenia Uzale\u017cnienia i oddziale stacjonarnym leczenia uzale\u017cnie\u0144 Szpitala Specjalistycznego MSW w Otwocku. Pracowa\u0142am tam z osobami uzale\u017cnionymi od alkoholu, narkotyk\u00f3w i hazardu, z osobami wsp\u00f3\u0142uzale\u017cnionymi oraz prowadzi\u0142am terapi\u0119 indywidualn\u0105 i grupow\u0105 dla Doros\u0142ych Dzieci Alkoholik\u00f3w i treningi relaksacyjne. Pracowa\u0142am r\u00f3wnie\u017c w Poradni Zdrowia Psychicznego i na oddziale nerwic Szpitala Specjalistycznego MSW w Otwocku. Swoj\u0105 prac\u0119 terapeutyczn\u0105 superwizuj\u0119 w o\u015brodku INTRA pod okiem certyfikowanego superwizora. Prowadz\u0119 terapi\u0119 w nurcie humanistyczno-egzystencjalnym, korzystaj\u0105c r\u00f3wnie\u017c z element\u00f3w pracy innych szk\u00f3\u0142 terapeutycznych. Wa\u017cna jest dla mnie podmiotowo\u015b\u0107 i wolno\u015b\u0107 zg\u0142aszaj\u0105cego si\u0119 do mnie klienta. Staram si\u0119 stworzy\u0107 bezpieczn\u0105 relacj\u0119 z klientem, sprzyjaj\u0105c\u0105 otwarciu, zaufaniu i poszukiwaniu przez niego w\u0142asnych sposob\u00f3w rozwi\u0105za\u0144.<\/p>\n","protected":false},"excerpt":{"rendered":"<p>Witam. Nazywam si\u0119 Wioletta Borkowska. Jestem psychologiem, psychoterapeut\u0105 i certyfikowanym terapeut\u0105 uzale\u017cnie\u0144. Uko\u0144czy\u0142am psychologi\u0119 na Katolickim Uniwersytecie Lubelskim. W 2005 roku zda\u0142am egzamin certyfikacyjny specjalisty terapii uzale\u017cnie\u0144. Pracowa\u0142am nad swoim warsztatem terapeutycznym w ramach szko\u0142y psychoterapii INTRA w Warszawie (szko\u0142y rekomendowanej przez Polskie Towarzystwo Psychologiczne). Obecnie jestem w trakcie procesu certyfikacyjnego psychoterapeuty. Do\u015bwiadczenie zawodowe zdobywa\u0142am &hellip; <a href=\"http:\/\/www.wiolettaborkowska.pl\/?page_id=25\" class=\"more-link\">Czytaj dalej <span class=\"screen-reader-text\">O mnie<\/span> <span class=\"meta-nav\">&rarr;<\/span><\/a><\/p>\n","protected":false},"author":1,"featured_media":0,"parent":0,"menu_order":0,"comment_status":"closed","ping_status":"closed","template":"","meta":{"footnotes":""},"_links":{"self":[{"href":"http:\/\/www.wiolettaborkowska.pl\/index.php?rest_route=\/wp\/v2\/pages\/25"}],"collection":[{"href":"http:\/\/www.wiolettaborkowska.pl\/index.php?rest_route=\/wp\/v2\/pages"}],"about":[{"href":"http:\/\/www.wiolettaborkowska.pl\/index.php?rest_route=\/wp\/v2\/types\/page"}],"author":[{"embeddable":true,"href":"http:\/\/www.wiolettaborkowska.pl\/index.php?rest_route=\/wp\/v2\/users\/1"}],"replies":[{"embeddable":true,"href":"http:\/\/www.wiolettaborkowska.pl\/index.php?rest_route=%2Fwp%2Fv2%2Fcomments&post=25"}],"version-history":[{"count":3,"href":"http:\/\/www.wiolettaborkowska.pl\/index.php?rest_route=\/wp\/v2\/pages\/25\/revisions"}],"predecessor-version":[{"id":29,"href":"http:\/\/www.wiolettaborkowska.pl\/index.php?rest_route=\/wp\/v2\/pages\/25\/revisions\/29"}],"wp:attachment":[{"href":"http:\/\/www.wiolettaborkowska.pl\/index.php?rest_route=%2Fwp%2Fv2%2Fmedia&parent=25"}],"curies":[{"name":"wp","href":"https:\/\/api.w.org\/{rel}","templated":true}]}}